 + 5*a**2 + 4*a + 4. Let s be p(q). List the prime factors of 6/9*66/s.
11
Suppose 238 = -5*m + 4*l, -2*l + 194 = -5*m + m. Let q = m + 85. What are the prime factors of q?
5, 7
Let p be 1 - (-2 - -2) - -3. Let d be 2/2*(0 + p). Suppose 0 = -5*f + 5 + 5, 5*f = -d*s + 46. List the prime factors of s.
3
Suppose -9*g + 0*g + 540 = 0. List the prime factors of g.
2, 3, 5
Suppose -4*b + 176 = 4*m, -3*m + 150 = -4*b + b. Let y = -27 + m. List the prime factors of y.
2, 5
Suppose -3*f = -94 + 19. List the prime factors of f.
5
Suppose 0*b + 3*b = 27. Let w = 0 + b. List the prime factors of w.
3
Let r(u) = -4 - 4*u + u**2 - 2*u**2 + 12*u. Suppose 0*m + m - 5 = 0. What are the prime factors of r(m)?
11
Suppose -2*j + 2 = -4*y, -2*y - 3*y - 1 = -2*j. Suppose -8 - 10 = -j*l. What are the prime factors of l?
2, 3
Let d be 57/6 + (-1)/2. Suppose -3*o = -2 + 11. Let q = d + o. What are the prime factors of q?
2, 3
Let u(a) = -a + 1. Let z(n) = 2*n - 2. Let t(l) = 3*u(l) + 2*z(l). Let k(h) = 14*h - 10. Let x(o) = -3*k(o) + 30*t(o). List the prime factors of x(-1).
2, 3
Let u(b) be the second derivative of -b**5/60 + b**3/6 + b. Let x(y) be the second derivative of u(y). What are the prime factors of x(-1)?
2
Suppose v + 2*c - 2 = -v, -4*v = -2*c + 14. Let y = v + 12. Let m = 14 - y. What are the prime factors of m?
2
Let z = -3 + 2. List the prime factors of (z - -1) + (7 - 0).
7
Let b(z) be the third derivative of z**5/30 + z**4/8 - 4*z**3/3 + z**2. List the prime factors of b(-4).
2, 3
Let i(s) = s**2 - 2*s - 2. Let g be i(4). Suppose -40 = -4*p - p. Let w = p - g. What are the prime factors of w?
2
Let t be (-1)/(-3 + 256/84). What are the prime factors of (t/(-2))/(3/8)?
2, 7
Let r = 13 - 8. Let d(g) = 3*g**2 + 16*g - 19. Let f(k) = 5*k**2 + 24*k - 29. Let a(c) = 8*d(c) - 5*f(c). List the prime factors of a(r).
2
Suppose -n = -0 - 29. List the prime factors of n.
29
Let p be 0/(-6) - 1*-2. Suppose -p*z = -35 - 3. What are the prime factors of z?
19
Let i be 14 + (0/3)/1. Suppose -15 = -5*g, r + 4*g = -0*g + i. Suppose t + 15 = r*t. List the prime factors of t.
3, 5
Let s(u) = -u**2 + 8*u + 1. Suppose 3*a + 9*i - 69 = 4*i, -2*i + 6 = 0. Suppose -2*l - 13 = -f, f + l - a = -2*f. List the prime factors of s(f).
2
Let j = -2 + 4. Suppose -j*c - 24 = -2*g, 3*c + 6 = g - 0. List the prime factors of g.
3, 5
Let p(m) = -9*m**3 + 2*m**2 - 1. What are the prime factors of p(-1)?
2, 5
Let m = -11 - -12. Let q(r) = 3 + 3*r - 3. What are the prime factors of q(m)?
3
Suppose -5*z - 2*x = -739, 3*x + 5 = -4. List the prime factors of z.
149
Let j = -62 + 119. What are the prime factors of j?
3, 19
Let d(t) = -5*t + 0 + 5*t**3 - t**3 + 3. Let c(k) = 5*k**3 + k**2 - 5*k + 3. Let y(b) = 3*c(b) - 4*d(b). List the prime factors of y(3).
2, 3
Let u = -14 - -21. Let s(v) = 7*v**3 - 16*v**2 + 14*v - 4. Let x(w) = 3*w**3 - 8*w**2 + 7*w - 2. Let m(p) = 2*s(p) - 5*x(p). What are the prime factors of m(u)?
2
Let o = -5 - -3. Let i(k) = k**3 + 3*k**2 - 1. Let p be i(o). List the prime factors of (-2)/(-1)*p + -2.
2
Suppose -z + 26 = 2*h, 0 = -0*z + z - 4*h - 8. Let o = 10 + z. List the prime factors of o.
2, 3, 5
Suppose -81 - 105 = -6*k. List the prime factors of k.
31
Let o(v) = 4*v + 12. Let x be -1 + -1 + 0 + 6. List the prime factors of o(x).
2, 7
Suppose 0*j + 4*u = -4*j + 204, -5*j + 3*u + 271 = 0. List the prime factors of j.
53
Suppose 0 = -2*t + 2*a + 9 + 79, 5*t - 226 = -a. List the prime factors of t.
3, 5
Let f(k) = -2*k**2 - 4*k + 4. Let t be f(3). What are the prime factors of t/(-10) - 2/(-5)?
3
Let m(a) = -4 - 5 - 2 + 2*a + 1. Suppose 0 = -5*u + 13 + 37. What are the prime factors of m(u)?
2, 5
Suppose 3*i = 5 + 4. Let z(l) = l**2 - 3*l + 4. What are the prime factors of z(i)?
2
Suppose 0 = -4*x, a - 158 = x - 3*x. List the prime factors of a.
2, 79
Let u be 1*((-12)/(-2) + -1). Suppose 0 = u*n - 2*n - 72. List the prime factors of n.
2, 3
Suppose -n + k + 961 = 3*n, 2*k - 468 = -2*n. What are the prime factors of n?
239
Let m(c) be the first derivative of 3*c**2/2 - 8*c + 9. What are the prime factors of m(6)?
2, 5
Let q(d) = 16*d - 2. List the prime factors of q(3).
2, 23
List the prime factors of ((-42)/(-2))/3 + -2.
5
Let r = 42 + -28. Suppose 4*y - 56 = -3*h, 0*y - r = -y - h. What are the prime factors of y?
2, 7
Suppose t - 4*a - 118 = -t, -175 = -3*t + 5*a. Let w = t - 35. List the prime factors of w.
2, 5
Let k(j) = j**3 + j**2 + j. Let z(g) = -17*g**3 - 2*g**2 - 2*g + 1. Let c(m) = -2*k(m) - z(m). Let x be (2/(-4))/(1/(-2)). What are the prime factors of c(x)?
2, 7
Suppose 5*m + 4*v + 43 = 0, 2*v - 17 = m + 7*v. Let t = 12 - m. What are the prime factors of t?
19
Suppose -5*h - o + 200 = -40, -h + 29 = 4*o. Let y be h/2 - (-2)/(-4). Suppose 4 = 2*x - y. What are the prime factors of x?
2, 7
Suppose k = -3*k + 180. List the prime factors of k.
3, 5
Suppose 3 = -2*w + 3*w. List the prime factors of w.
3
Let a(p) = 3*p - p**3 + 5*p**2 - 4*p + 0*p. Suppose 0 = -4*m + 4*n, 14 = 2*m + 3*n - 6. List the prime factors of a(m).
2, 3
Let n = -15 + 30. Suppose -74 = -5*b + 71. Let k = b - n. What are the prime factors of k?
2, 7
Let o(a) = 4*a - 10. Suppose -t + 3*t - 14 = 0. List the prime factors of o(t).
2, 3
Let a = 296 + -422. What are the prime factors of (36/(-14))/(9/a)?
2, 3
Suppose 0 = -71*w + 62*w + 3825. What are the prime factors of w?
5, 17
Let t(r) = -9*r. Let m be t(-2). Let s be 2 + -1*2 + 9. Let p = m - s. List the prime factors of p.
3
Suppose j = -3*h + 151, 3*j + 2*h - 508 = 4*h. List the prime factors of j.
2, 83
List the prime factors of ((-18)/(-12))/((-1)/(-72)).
2, 3
Suppose -7*i + 426 - 55 = 0. List the prime factors of i.
53
Suppose -d = d - 14. Let c(y) = -2*y**3 - 6*y**2 - y + 7. Let v(f) = 3*f**3 + 5*f**2 + f - 6. Let r(z) = d*v(z) + 6*c(z). List the prime factors of r(1).
3
Let g(i) = -2*i - 3. Let w be g(-4). Suppose w*z = 4*b - 11, 9 = 4*b - 3*z - 12. List the prime factors of b.
3
Suppose -4*u = 5*c - 63, 22 = 3*u + 5*c - 19. What are the prime factors of u?
2, 11
Suppose -2*k + 0*x = 2*x + 2, -k - 5 = 2*x. Let f(h) = -4*h + 10 + 3*h + k. List the prime factors of f(0).
13
Let h(a) = 2*a - 1. Let x be h(3). Suppose 0 = -0*c + x*c - 5*g - 160, -5*g + 29 = 2*c. What are the prime factors of c?
3
Let i(g) = g - 7. Let k be i(11). Suppose -3*r = -9, -2*s - k*r = -5*s - 6. Suppose 0*w - 10 = -s*w. List the prime factors of w.
5
Let n be 2/((-5)/((-260)/8)). Suppose 0 = x - n - 0. List the prime factors of x.
13
Let z = 4 - 6. Let w be 8*(-2 - z - -1). List the prime factors of (-117)/(-12) + 2/w.
2, 5
Let g be 170/15 + 2/(-6). Let f = g + 33. List the prime factors of f.
2, 11
Suppose 2*u - 256 = -5*y - 39, -2*y = u - 111. Suppose 5 = -w, w = -2*q + 6*q - u. List the prime factors of q.
29
Suppose 2*n - 4*a = 126, 5*n = 3*a + 436 - 100. What are the prime factors of n?
3, 23
Let s be (-11)/(-3) - (-8)/(-12). Suppose 0 = -t - s*t + 12. Suppose -2*y + t = -y. What are the prime factors of y?
3
Suppose b - 9 = j + 3*j, 5 = 5*j. What are the prime factors of b?
13
Let m = 3 + -9. Let t = 49 + m. What are the prime factors of t?
43
Suppose 3*f = 4*i - 42, i + i - 26 = 4*f. List the prime factors of i - (3 - 4/1).
2, 5
Suppose 7 = w - 6. Suppose w + 13 = 2*j. List the prime factors of j.
13
Suppose 3*u = -38 - 49. Let q be 2/(-9) + u/(-9). What are the prime factors of (-1 + 22)*1/q?
7
What are the prime factors of 13/7 + -2 + 28746/126?
2, 3, 19
Let z(d) be the third derivative of d**5/60 + 7*d**4/24 + d**3/3 + 2*d**2. Suppose 28 = -3*g - g. What are the prime factors of z(g)?
2
Suppose -5*t + 13 = -3*t + 3*d, -5*d + 17 = 3*t. Suppose -t = -3*c - 2. What are the prime factors of c?
2
Let p(b) = -2*b - 36. Let q(h) = -5*h - 73. Let u(i) = -7*p(i) + 3*q(i). What are the prime factors of u(0)?
3, 11
Suppose 4*f = 5*y + 3*f - 911, -y + f = -183. List the prime factors of y.
2, 7, 13
Let p be (6/(-5))/((-2)/5). Let j(s) = 2*s**2 - 12*s + 3. Let f(x) = -x**2 + 6*x - 2. Let z(t) = -7*f(t) - 4*j(t). What are the prime factors of z(p)?
11
Suppose 21 = 8*m - 7*m. List the prime factors of m.
3, 7
Suppose -5*j = -5*c + 5, 2*j - 7*j = -2*c - 4. Let f = j + 12. What are the prime factors of f?
2, 7
Let r be 14/(-6)*-3 + -2. Suppose -4*w + 57 = r. 